t common divisor of 38 and i.
38
Let d be 5 - 4/3*-6 - 4. Let o(b) = 64*b**2 + b. Let n be o(2). Suppose -4*u = -30 - n. Calculate the highest common factor of d and u.
9
Let n(f) = f**3 - 8*f**2 - 8*f - 7. Let c be n(9). Let r = c - -14. What is the greatest common divisor of r and 16?
16
Let c(z) = -27*z - 2. Let r(h) = -2*h**2 + 8*h - 2. Let v be r(4). Let w be c(v). Let s = w - 29. What is the greatest common factor of 115 and s?
23
Let k be (-254526)/(-2655) + 2/15 + 0. Let y = -4 + 28. What is the greatest common factor of k and y?
24
Let g = 4669 - 2639. Calculate the highest common factor of g and 35.
35
Let x = -54 + 150. Suppose 3*z = s + 3*s - 60, 12 = -3*z. Calculate the greatest common factor of x and s.
12
Let d(x) = -x**3 + 11*x**2 - 15*x + 5. Let k be d(9). Calculate the greatest common factor of k and 1424.
16
Let r be ((-108)/(-42) - 6)/(1/(-7)). Calculate the greatest common divisor of r and 216.
24
Let f(i) = 62*i - 11. Let d be f(1). What is the highest common divisor of 680 and d?
17
Let k = -4984 + 5000. Let c(i) = 4*i - 8. Let n be c(6). What is the greatest common divisor of n and k?
16
Let g = -153 + 303. Let u be (-186)/(-3) - (1 - 4 - -5). What is the greatest common divisor of u and g?
30
Let k(h) = -h**2 + 8*h - 7. Let t = 18 + -13. Let p be k(t). Let c(x) = -5*x - 3. Let y be c(-7). What is the highest common divisor of p and y?
8
Let g(c) = -c**2 + c + 37. Let o be g(0). Suppose o = 2*h - 21. Calculate the highest common divisor of h and 319.
29
Let l = 455 + -307. Suppose b + 2*c - 98 = l, -b + 231 = -3*c. Suppose b = -w + 5*w. What is the highest common divisor of 12 and w?
12
Suppose 5*p + 3*v + 2*v = 0, 5*p = -4*v. Let q be (2 - (p - 1)) + 1/(-1). What is the highest common factor of 5 and q?
1
Suppose -56*c = -51*c - 340. What is the greatest common factor of c and 646?
34
Let s(g) = -2*g + 7. Let f be s(2). Let j(d) = 30*d**2 - d - 3. Let n be j(f). Calculate the greatest common factor of 22 and n.
22
Let d be -9*(-1 + -1)/(-2). Let s(p) = -2*p - 11. Let t be s(d). Suppose -6*h = -t*h + 4. Calculate the highest common divisor of 4 and h.
4
Let x(i) = -i**3 - 8*i**2 + 9*i + 2. Let o be x(-9). Suppose -2*y = g - 124, y = -o*g - y + 250. What is the highest common divisor of g and 18?
18
Let s = -65 + 65. Suppose s = 9*n - 13*n + 460. What is the greatest common factor of 46 and n?
23
Let n be 1/(-10) + (-242)/(-20). What is the highest common factor of n and 162?
6
Suppose -2*v + v = 2*n - 30, 0 = 4*v - 2*n - 160. What is the greatest common factor of v and 2?
2
Let y be (-30)/(-2) - 18/6. Let w be -7 + 91 - (1 + -1 + 0). Calculate the greatest common factor of w and y.
12
Let l be 26/4*(39 + -37)*14. What is the highest common divisor of l and 84?
14
Let k = -796 + 1139. What is the greatest common factor of 21 and k?
7
Let j = -24 - -77. Let r be 1/(((-9)/(-69))/(-3)). Let c = r + j. Calculate the highest common divisor of c and 20.
10
Suppose 1944 = -6*v - 12*v. Let u = v - -180. Calculate the greatest common factor of 96 and u.
24
Let w(n) = 3*n**2 + 13*n + 8. Let s be w(-6). Suppose 0 = 8*r - 6*r - s. What is the highest common factor of 19 and r?
19
Let c = 125 - 13. What is the greatest common factor of c and 7?
7
Let d(f) = f**3 - 25*f**2 - 4*f + 107. Let p be d(25). Let r = -1 + 8. What is the greatest common divisor of p and r?
7
Suppose -5*i = 4*u - 7*u + 724, 3*u - 2*i = 718. Let z be 6/51 - (-14982)/102. Suppose 8*l - 125 = z. Calculate the highest common divisor of l and u.
34
Let a(l) = l + 5 + 5 - l**2 + 0. Let m(r) = r**2 - r - 30. Let z be m(-5). Let s be a(z). Calculate the highest common divisor of 110 and s.
10
Let z(l) = l**3 + 6*l**2 - 7*l - 8. Let i be z(-6). Suppose 25 = -29*n + i*n. What is the greatest common factor of n and 5?
5
Suppose 38*c - 40*c + w = -35, -c = 2*w - 20. What is the greatest common divisor of 198 and c?
18
Let r be (1 - 2)*-2 + 180. Let n = r + -94. Let a be 2/(-1)*4*-1. Calculate the greatest common divisor of n and a.
8
Let f = -15 - -55. Let w = 49 - f. Calculate the greatest common factor of w and 36.
9
Let r be (-1)/5 - (-5)/((-50)/(-6272)). What is the highest common factor of r and 114?
57
Let b(v) = -v**2 + 2*v + 14. Suppose 15*o + 0*o = 60. Let c be b(o). What is the greatest common divisor of c and 6?
6
Let v = 10 + -8. Suppose o + v - 4 = 0. Let s(n) = 2*n**3 + n**2 + 3*n - 1. Let r be s(o). Calculate the greatest common divisor of 10 and r.
5
Let p = 1843 + -1833. What is the greatest common divisor of p and 85?
5
Suppose -5*q + 4*x + 3867 = 0, -10*q - x = -13*q + 2316. Calculate the highest common factor of 3 and q.
3
Let b be 16 - (6/8)/(7/28). Let f = 35 + -19. Let n = f - b. Calculate the highest common factor of 24 and n.
3
Suppose 20*n = 22*n + 32. Let q be n/4*(-1)/(-2). Let g be 120/50 + q/5. Calculate the highest common divisor of 4 and g.
2
Suppose -3*r - 3 = -39. Suppose 0 = 15*n - r*n + 18. Let y = 21 + n. What is the highest common divisor of 60 and y?
15
Let r(x) = -2*x**3 - x**2 - 2*x - 3. Let z be r(-4). Suppose 2*k - 23 = -m + 7, 3*k + 3*m - 51 = 0. What is the greatest common divisor of k and z?
13
Suppose 4*t - 20 = -3*n, 5*n + 2*t - 44 = 8. Let j = 21 - n. Let v(h) = 2*h - 1. Let l be v(j). Calculate the greatest common divisor of l and 34.
17
Let z(t) = 0 + 1 + 0*t**2 - 4*t + 1 + 2*t**2. Suppose 5*n - j - 40 = 4*j, 2*n = -5*j - 19. Let v be z(n). What is the highest common divisor of 72 and v?
8
Let r(s) = -s**2 - s + 1. Let h(f) = -4*f**2 - 6*f + 6. Let z(y) = h(y) - 5*r(y). Let o be z(-2). What is the greatest common factor of o and 1?
1
Let f = 286 - 256. Calculate the highest common divisor of 140 and f.
10
Let k = 424 - 366. Calculate the highest common factor of k and 145.
29
Suppose 231 = -9*z + 11*z + 3*o, -437 = -4*z - o. Calculate the greatest common factor of z and 36.
36
Suppose -5*h = 93 + 77. Let m = 21 - h. Calculate the greatest common divisor of m and 5.
5
Suppose -65 = -5*g - 10. Let i = 43 - g. Suppose -w + 3*t = -2*t - i, 3*t - 36 = -4*w. Calculate the highest common divisor of 84 and w.
12
Suppose 3*j - 113 = -w, j + 5*w + 27 = 2*j. Let k = -35 + j. Suppose 3*o = d - 12, -70 = -4*d - o + 2*o. Calculate the highest common divisor of d and k.
2
Let z(x) = x**2 + 3*x + 6. Let k be z(-3). Let u be 168/(-2)*((-3)/k + 0). Calculate the highest common factor of u and 6.
6
Let c(h) = 151*h + 6. Let k be c(-2). Let n be (k/(-20) - 4)*5. Suppose 0 = i - 48 - 87. Calculate the greatest common divisor of i and n.
27
Let p(m) = 30*m - 3. Let q be p(1). Let d = q - 22. Calculate the greatest common factor of 50 and d.
5
Suppose 0 = -4*b + 9 + 7. Let w(s) = -1 - 5 - b*s + 6*s + 1. Let z be w(9). What is the highest common divisor of 26 and z?
13
Let b be ((-14)/(-2) + 1244/(-4))*-1. What is the highest common factor of 532 and b?
76
Let a = 430 + -355. What is the highest common divisor of a and 225?
75
Suppose -477 + 2853 = 11*g. Calculate the highest common divisor of g and 2.
2
Suppose -21*u = -52*u + 5797. Calculate the highest common divisor of 44 and u.
11
Suppose 9*v + v = 770. Calculate the greatest common factor of 264 and v.
11
Let t = -269 - -271. Let r(w) = w**2 - 2*w + 1. Let o be r(3). Let g be 52 + (t - o) + 4. What is the greatest common factor of g and 135?
27
Let p = -6 + 38. What is the greatest common factor of p and 56?
8
Let p = 272 + -256. What is the highest common divisor of p and 2?
2
Let u(d) = d**2 + 10*d + 11. Let k be u(-9). Let q(r) = 2*r**k + 2*r - 2*r - r + 15*r**3. Let s be q(1). Calculate the greatest common factor of 48 and s.
16
Let b be (-8)/(-52) + 45/(-39). Let r be (7 - 3) + b + 1. Suppose 2*x + 4*n = -0*x + 160, 2*x - r*n - 160 = 0. Calculate the greatest common factor of x and 10.
10
Let c(y) = 2*y + 163. Let s be c(-48). What is the greatest common divisor of 737 and s?
67
Suppose 0 = -f - 9*f + 210. What is the greatest common factor of f and 28?
7
Let x be 99 - (2 - (-6 - -1)). What is the greatest common factor of x and 506?
46
Let h = -560 + 569. What is the highest common factor of 387 and h?
9
Suppose 48 = 8*v - 8. What is the greatest common factor of v and 1?
1
Suppose 4*s - 63 = 1. Suppose 2*a - a + 9 = 0. Let v be 42 + -3*(-6)/a. What is the highest common factor o